
6
Convert -23 (base 7) to base 14.
-13
51 (base 16) to base 3
10000
Convert 6 (base 9) to base 15.
6
What is -1 (base 13) in base 4?
-1
What is -14 (base 6) in base 14?
-a
What is -10 (base 4) in base 5?
-4
Convert 1 (base 10) to base 12.
1
-4 (base 13) to base 10
-4
0 (base 10) to base 11
0
3 (base 9) to base 14
3
27 (base 8) to base 4
113
-1023 (base 5) to base 10
-138
-102 (base 3) to base 8
-13
What is 4 (base 6) in base 14?
4
-1a (base 13) to base 8
-27
2 (base 8) to base 11
2
Convert 3 (base 15) to base 9.
3
Convert 32 (base 13) to base 6.
105
3 (base 12) to base 13
3
-101011 (base 2) to base 13
-34
100 (base 2) to base 7
4
-522 (base 6) to base 7
-365
Convert -3 (base 9) to base 4.
-3
Convert 37 (base 15) to base 9.
57
Convert -42 (base 11) to base 2.
-101110
70 (base 14) to base 8
142
Convert 21 (base 16) to base 5.
113
0 (base 5) to base 8
0
Convert 6 (base 7) to base 14.
6
What is -111 (base 5) in base 10?
-31
Convert -30 (base 16) to base 6.
-120
What is 143 (base 7) in base 3?
2222
Convert 80 (base 11) to base 14.
64
What is 10 (base 6) in base 7?
6
Convert -17 (base 8) to base 10.
-15
Convert -161 (base 7) to base 3.
-10102
What is -10011 (base 2) in base 10?
-19
-b (base 12) to base 9
-12
What is -13 (base 8) in base 4?
-23
Convert 31 (base 9) to base 10.
28
What is -4 (base 11) in base 12?
-4
What is 11011 (base 2) in base 9?
30
What is -4 (base 8) in base 3?
-11
-102 (base 8) to base 13
-51
What is 2 (base 12) in base 2?
10
What is 2 (base 5) in base 4?
2
What is 11 (base 5) in base 13?
6
-6 (base 10) to base 14
-6
Convert -4a (base 13) to base 4.
-332
-1032 (base 4) to base 9
-86
Convert 2b (base 15) to base 12.
35
Convert 1113 (base 4) to base 8.
127
What is 46 (base 9) in base 11?
39
What is 1110101 (base 2) in base 8?
165
What is -2 (base 7) in base 9?
-2
4a (base 14) to base 7
123
Convert 11 (base 15) to base 14.
12
Convert -106 (base 9) to base 10.
-87
What is -100 (base 2) in base 8?
-4
What is 20 (base 14) in base 9?
31
110 (base 4) to base 7
26
-2 (base 14) to base 13
-2
101 (base 2) to base 3
12
Convert 3 (base 7) to base 14.
3
-2 (base 4) to base 2
-10
Convert 10 (base 5) to base 3.
12
What is -1122 (base 3) in base 4?
-230
What is 67 (base 8) in base 3?
2001
What is -555 (base 6) in base 13?
-137
16 (base 11) to base 15
12
33 (base 12) to base 4
213
What is 42 (base 6) in base 15?
1b
Convert 3 (base 10) to base 14.
3
Convert -2 (base 3) to base 8.
-2
What is -14 (base 6) in base 5?
-20
Convert 61 (base 8) to base 14.
37
Convert 17 (base 11) to base 4.
102
What is 3 (base 4) in base 10?
3
What is -3 (base 9) in base 14?
-3
-2040 (base 5) to base 4
-10032
134 (base 6) to base 4
322
Convert -202 (base 4) to base 2.
-100010
What is -ae (base 16) in base 13?
-105
What is 13 (base 9) in base 12?
10
What is 265 (base 10) in base 14?
14d
-58 (base 9) to base 4
-311
Convert -11 (base 3) to base 14.
-4
0 (base 15) to base 6
0
What is -55 (base 16) in base 6?
-221
Convert 17 (base 16) to base 10.
23
Convert 63 (base 10) to base 9.
70
Convert 132 (base 8) to base 15.
60
Convert -113 (base 6) to base 10.
-45
-1033 (base 4) to base 2
-1001111
What is -1 (base 9) in base 7?
-1
What is -7 (base 11) in base 3?
-21
Convert -1 (base 12) to base 2.
-1
10010001 (base 2) to base 16
91
10122 (base 3) to base 10
98
-6 (base 13) to base 6
-10
-a (base 15) to base 16
-a
What is -155 (base 9) in base 3?
-11212
-55 (base 14) to base 10
-75
-30 (base 4) to base 11
-11
Convert -1220 (base 5) to base 2.
-10111001
12 (base 5) to base 9
7
What is -6 (base 9) in base 11?
-6
What is -8 (base 11) in base 12?
-8
Convert 1 (base 3) to base 15.
1
1010111 (base 2) to base 13
69
What is 407 (base 8) in base 4?
10013
2 (base 12) to base 3
2
Convert -2 (base 14) to base 16.
-2
What is 2 (base 12) in base 15?
2
Convert 7 (base 8) to base 7.
10
-1 (base 7) to base 4
-1
3 (base 5) to base 12
3
110 (base 2) to base 5
11
What is -13 (base 7) in base 2?
-1010
What is -332 (base 8) in base 3?
-22002
556 (base 7) to base 3
101121
-101110 (base 2) to base 4
-232
Convert 1311 (base 4) to base 7.
225
What is 1a (base 11) in base 10?
21
75 (base 14) to base 9
124
57 (base 9) to base 3
1221
Convert -4 (base 9) to base 11.
-4
What is 2 (base 11) in base 16?
2
100 (base 3) to base 6
13
What is -4 (base 13) in base 9?
-4
Convert -4 (base 6) to base 9.
-4
Convert -12 (base 6) to base 7.
-11
What is -8 (base 9) in base 14?
-8
3 (base 12) to base 7
3
-24 (base 6) to base 12
-14
What is -1110010 (base 2) in base 5?
-424
Convert -211 (base 3) to base 9.
-24
What is 0 (base 6) in base 5?
0
What is 3 (base 8) in base 14?
3
11 (base 15) to base 5
31
0 (base 3) to base 7
0
51 (base 11) to base 5
211
What is -2222 (base 3) in base 13?
-62
What is -104 (base 7) in base 15?
-38
Convert -424 (base 5) to base 7.
-222
Convert -13 (base 7) to base 5.
-20
Convert -38 (base 9) to base 10.
-35
What is -11 (base 2) in base 9?
-3
What is -96 (base 14) in base 13?
-a2
-1a (base 13) to base 10
-23
What is -1111000 (base 2) in base 3?
-11110
3 (base 6) to base 12
3
What is 11 (base 7) in base 12?
8
Convert 120 (base 3) to base 2.
1111
What is 79 (base 12) in base 6?
233
1034 (base 5) to base 4
2100
Convert -14b (base 12) to base 7.
-410
-230 (base 5) to base 6
-145
Convert 2 (base 4) to base 3.
2
What is -154 (base 8) in base 6?
-300
What is 3 (base 12) in base 8?
3
Convert 2 (base 11) to base 5.
2
What is 48 (base 15) in base 9?
75
What is -bb (base 12) in base 2?
-10001111
9 (base 14) to base 2
1001
What is 2 (base 10) in base 12?
2
What is -11 (base 9) in base 12?
-a
Convert -5 (base 9) to base 16.
-5
11 (base 16) to base 8
21
Convert -4 (base 6) to base 13.
-4
Convert -4 (base 9) to base 10.
-4
What is -8 (base 12) in base 5?
-13
What is 0 (base 7) in base 16?
0
-63 (base 7) to base 13
-36
Convert -1 (base 13) to base 15.
-1
-1 (base 14) to base 10
-1
What is -dc (base 14) in base 12?
-142
What is 132 (base 11) in base 10?
156
48 (base 10) to base 3
1210
-7 (base 13) to base 14
-7
-4 (base 6) to base 8
-4
What is 0 (base 3) in base 10?
0
What is 3 (base 8) in base 10?
3
3 (base 5) to base 16
3
104 (base 6) to base 9
44
What is 110 (base 3) in base 8?
14
Convert 11 (base 6) to base 3.
21
Convert -3 (base 4) to base 10.
-3
What is 10100110 (base 2) in base 9?
204
Convert -1 (base 15) to base 12.
-1
What is 137 (base 10) in base 13?
a7
4 (base 12) to base 5
4
-13 (base 4) to base 5
-12
99 (base 13) to base 5
1001
Convert 19 (base 15) to base 6.
40
Convert -2 (base 13) to base 12.
-2
What is -33 (base 6) in base 7?
-30
-6 (base 14) to base 3
-20
What is -1000100 (base 2) in base 5?
-233
Convert -100 (base 13) to base 10.
-169
18 (base 9) to base 16
11
-11 (base 4) to base 2
-101
-2122 (base 4) to base 6
-414
1 (base 13) to base 7
1
2 (base 8) to base 7
2
Convert 5 (base 6) to base 4.
11
-1 (base 10) to base 2
-1
0 (base 6) to base 8
0
What is 3 (base 10) in base 2?
11
Convert -164 (base 11) to base 3.
-21002
What is 125 (base 7) in base 2?
1000100
Convert -5 (base 15) to base 16.
-5
What is -4 (base 10) in base 2?
-100
What is -132 (base 4) in base 9?
-33
Convert 10101 (base 2) to base 16.
15
What is 210 (base 5) in base 3?
2001
Convert 16 (base 14) to base 10.
20
Convert -11 (base 7) to base 16.
-8
-23 (base 13) to base 7
-41
-335 (base 6) to base 4
-2003
Convert -3b (base 15) to base 9.
-62
Convert 21 (base 16) to base 12.
29
-1 (base 3) to base 12
-1
Convert 1 (base 4) to base 8.
1
2 (base 15) to base 8
2
0 (base 8) to base 14
0
Convert 210 (base 6) to base 11.
71
Convert 21 (base 9) to base 15.
14
-14 (base 12) to base 6
-24
-9 (base 11) to base 6
-13
What is 14 (base 15) in base 8?
23
Convert 2 (base 16) to base 6.
2
101111 (base 2) to base 5
142
-1 (base 12) to base 7
-1
-1 (base 16) to base 4
-1
What is 22 (base 10) in base 12?
1a
Convert 221 (base 3) to base 2.
11001
What is 2a (base 15) in base 12?
34
What is 40 (base 16) in base 12?
54
What is 4 (base 15) in base 9?
4
Convert 44 (base 6) to base 2.
11100
Convert 10111 (base 2) to base 16.
17
Convert 13 (base 9) to base 14.
c
What is 1 (base 15) in base 10?
1
What is 59 (base 13) in base 7?
134
What is 41 (base 12) in base 13?
3a
What is -1 (base 9) in base 12?
-1
-31 (base 14) to base 3
-1121
7 (base 14) to base 6
11
Convert -65 (b